3) in base 9?
-134
Convert 0 (base 4) to base 9.
0
What is 100 (base 2) in base 14?
4
Convert -1 (base 7) to base 5.
-1
231 (base 6) to base 4
1123
Convert 1 (base 10) to base 5.
1
Convert 110 (base 2) to base 3.
20
-60 (base 11) to base 8
-102
Convert -42 (base 12) to base 11.
-46
Convert 107 (base 8) to base 9.
78
Convert -1 (base 14) to base 3.
-1
-22 (base 14) to base 7
-42
What is -26 (base 12) in base 8?
-36
Convert -42 (base 6) to base 8.
-32
1011 (base 3) to base 4
133
What is 177 (base 11) in base 16?
cd
What is -4 (base 16) in base 5?
-4
What is -240 (base 10) in base 11?
-1a9
2 (base 9) to base 3
2
What is 2 (base 12) in base 4?
2
Convert 1131 (base 5) to base 6.
434
Convert 1 (base 12) to base 15.
1
3 (base 7) to base 4
3
Convert -13 (base 14) to base 5.
-32
Convert -20 (base 4) to base 11.
-8
What is -69 (base 14) in base 16?
-5d
-10 (base 11) to base 16
-b
Convert -2 (base 4) to base 15.
-2
4 (base 7) to base 8
4
-10 (base 8) to base 3
-22
What is 2 (base 5) in base 8?
2
What is 11 (base 5) in base 13?
6
What is 120 (base 5) in base 6?
55
Convert 0 (base 10) to base 8.
0
Convert 2f (base 16) to base 6.
115
Convert 110010 (base 2) to base 10.
50
-1 (base 15) to base 16
-1
231 (base 4) to base 12
39
3 (base 14) to base 9
3
-54 (base 9) to base 12
-41
What is 5 (base 13) in base 16?
5
101100 (base 2) to base 15
2e
What is -a (base 11) in base 4?
-22
What is 69 (base 12) in base 14?
5b
-1 (base 3) to base 8
-1
-28 (base 10) to base 14
-20
32 (base 10) to base 15
22
Convert -1 (base 16) to base 9.
-1
Convert -1 (base 5) to base 3.
-1
Convert -3 (base 4) to base 13.
-3
What is 1202 (base 3) in base 16?
2f
21 (base 5) to base 8
13
Convert -8 (base 15) to base 6.
-12
Convert -1 (base 2) to base 13.
-1
-10 (base 2) to base 16
-2
72 (base 8) to base 12
4a
Convert 110 (base 2) to base 14.
6
1505 (base 6) to base 16
191
Convert -101 (base 3) to base 2.
-1010
What is 33 (base 9) in base 11?
28
Convert -2 (base 13) to base 12.
-2
What is -5 (base 10) in base 13?
-5
Convert -15 (base 9) to base 4.
-32
-300 (base 6) to base 11
-99
What is 66 (base 7) in base 10?
48
What is -2241 (base 5) in base 3?
-102220
What is 3 (base 10) in base 13?
3
What is -b (base 14) in base 9?
-12
Convert 56 (base 12) to base 5.
231
What is -22200 (base 3) in base 15?
-109
26 (base 9) to base 13
1b
Convert -3 (base 5) to base 12.
-3
Convert 76 (base 10) to base 2.
1001100
What is 2 (base 11) in base 10?
2
-176 (base 9) to base 12
-106
Convert -101000100 (base 2) to base 11.
-275
-14 (base 15) to base 16
-13
What is -a (base 11) in base 15?
-a
-1 (base 15) to base 5
-1
19 (base 14) to base 7
32
10 (base 2) to base 11
2
Convert -28 (base 11) to base 5.
-110
-4 (base 9) to base 4
-10
What is 4 (base 6) in base 14?
4
What is 32 (base 6) in base 9?
22
1 (base 10) to base 14
1
Convert -4 (base 5) to base 3.
-11
Convert 6 (base 14) to base 9.
6
Convert -126 (base 8) to base 11.
-79
Convert 100 (base 3) to base 6.
13
What is 9d (base 15) in base 16?
94
Convert -12 (base 16) to base 7.
-24
What is 4 (base 15) in base 7?
4
What is 260 (base 10) in base 6?
1112
0 (base 13) to base 14
0
Convert 412 (base 5) to base 13.
83
2000 (base 3) to base 15
39
16 (base 7) to base 5
23
What is 7c (base 15) in base 12?
99
Convert -112 (base 15) to base 8.
-362
Convert 71 (base 16) to base 13.
89
Convert 34 (base 10) to base 12.
2a
Convert -9 (base 14) to base 7.
-12
What is -19 (base 11) in base 8?
-24
9e (base 16) to base 5
1113
Convert -23 (base 8) to base 14.
-15
What is 5 (base 11) in base 4?
11
17 (base 13) to base 10
20
Convert 5 (base 7) to base 9.
5
What is -9 (base 16) in base 9?
-10
What is -20 (base 9) in base 11?
-17
1 (base 14) to base 4
1
-1 (base 13) to base 5
-1
Convert 11 (base 3) to base 15.
4
Convert 3 (base 15) to base 2.
11
What is 6 (base 13) in base 2?
110
Convert -9 (base 11) to base 12.
-9
Convert 54 (base 12) to base 10.
64
-145 (base 9) to base 11
-101
-78 (base 13) to base 9
-120
Convert -63 (base 11) to base 10.
-69
-424 (base 5) to base 10
-114
Convert -8 (base 9) to base 15.
-8
Convert -2 (base 10) to base 6.
-2
What is -100 (base 2) in base 4?
-10
1 (base 13) to base 15
1
Convert -61 (base 14) to base 4.
-1111
Convert 7 (base 8) to base 7.
10
Convert -8 (base 10) to base 13.
-8
a4 (base 15) to base 16
9a
Convert 103 (base 15) to base 11.
198
-3 (base 8) to base 2
-11
What is -97 (base 11) in base 2?
-1101010
Convert 104 (base 8) to base 10.
68
What is 1 (base 13) in base 12?
1
What is 1 (base 5) in base 7?
1
What is -44 (base 8) in base 9?
-40
What is 74 (base 15) in base 14?
7b
-b (base 12) to base 10
-11
-33 (base 8) to base 9
-30
What is -10100 (base 2) in base 12?
-18
What is -104 (base 5) in base 9?
-32
-8 (base 10) to base 8
-10
What is 4 (base 10) in base 2?
100
What is 11 (base 11) in base 5?
22
Convert -b (base 13) to base 14.
-b
7 (base 15) to base 6
11
21 (base 3) to base 13
7
0 (base 10) to base 14
0
What is 11000 (base 2) in base 13?
1b
5 (base 9) to base 7
5
What is -231 (base 5) in base 9?
-73
What is -3 (base 10) in base 3?
-10
Convert 16 (base 15) to base 9.
23
What is 10 (base 13) in base 9?
14
9 (base 16) to base 2
1001
Convert 3 (base 16) to base 14.
3
-232 (base 4) to base 7
-64
What is 2 (base 10) in base 16?
2
4 (base 14) to base 7
4
Convert 111001 (base 2) to base 14.
41
Convert -10 (base 10) to base 2.
-1010
Convert 12 (base 6) to base 7.
11
What is -46 (base 8) in base 2?
-100110
What is -2 (base 7) in base 13?
-2
What is 1323 (base 4) in base 10?
123
Convert 0 (base 11) to base 12.
0
What is eb (base 16) in base 10?
235
Convert -42 (base 6) to base 12.
-22
-12 (base 3) to base 16
-5
What is -16 (base 7) in base 13?
-10
30 (base 6) to base 13
15
What is 201 (base 3) in base 15?
14
Convert -110010110 (base 2) to base 7.
-1120
What is 8b (base 13) in base 15?
7a
What is 3 (base 6) in base 10?
3
What is 5 (base 14) in base 12?
5
47 (base 13) to base 5
214
4a (base 11) to base 14
3c
What is 1 (base 16) in base 5?
1
Convert 34 (base 14) to base 3.
1201
What is 333 (base 6) in base 16?
81
What is 222 (base 6) in base 5?
321
32 (base 11) to base 7
50
What is -8 (base 12) in base 7?
-11
Convert -1a (base 13) to base 8.
-27
What is 2 (base 6) in base 11?
2
What is -15 (base 8) in base 7?
-16
Convert 1011111 (base 2) to base 8.
137
What is -143 (base 6) in base 5?
-223
What is 654 (base 7) in base 2?
101001101
What is 58 (base 15) in base 11?
76
What is 13 (base 12) in base 2?
1111
2 (base 12) to base 8
2
0 (base 4) to base 13
0
Convert 3211 (base 4) to base 10.
229
Convert -14 (base 14) to base 15.
-13
What is -2 (base 12) in base 14?
-2
What is 56 (base 11) in base 8?
75
1 (base 2) to base 12
1
Convert 70 (base 13) to base 16.
5b
Convert 3 (base 6) to base 16.
3
Convert 68 (base 13) to base 6.
222
-4 (base 8) to base 2
-100
What is -3 (base 11) in base 4?
-3
Convert 5 (base 10) to base 6.
5
Convert -1 (base 3) to base 13.
-1
6 (base 8) to base 5
11
-10 (base 6) to base 3
-20
Convert -6 (base 7) to base 16.
-6
What is 42 (base 16) in base 9?
73
2 (base 3) to base 11
2
Convert 8 (base 14) to base 4.
20
-6 (base 10) to base 5
-11
What is 3 (base 5) in base 6?
3
What is 221 (base 4) in base 3?
1112
Convert 3 (base 6) to base 8.
3
-234 (base 10) to base 6
-1030
11 (base 11) to base 3
110
301 (base 4) to base 11
45
Convert 93 (base 16) to base 10.
147
What is -6 (base 14) in base 15?
-6
Convert -4 (base 10) to base 14.
-4
What is a (base 13) in base 15?
a
Convert -383 (base 9) to base 13.
-1b6
Convert 53 (base 10) to base 14.
3b
-2 (base 8) to base 13
-2
Convert 3 (base 16) to base 8.
3
What is 26 (base 7) in base 6?
32
1 (base 6) to base 9
1
2 (base 5) to base 6
2
6 (base 7) to base 12
6
Convert -11 (base 3) to base 9.
-4
What is 17 (base 11) in base 8?
22
What is -74 (base 11) in base 3?
-10000
What is 2 (base 3) in base 16?
2
Convert 10 (base 2) to base 10.
2
123 (base 6) to base 11
47
What is -44 (base 16) in base 15?
-48
What is -10 (base 5) in base 10?
-5
What is -25 (base 15) in base 13?
-29
Convert -2 (base 6) to base 9.
-2
Convert -14 (base 8) to base 7.
-15
What is 1101 (base 5) in base 2?
10010111
Convert 23 (base 4) to base 11.
10
3 (base 5) to base 4
3
What is 3a (base 13) in base 15?
34
What is 10 (base 4) in base 6?
4
Convert -35